h**2 - 19*h - 8. Let l(t) = 5*t**3 - 70*t**2 + 96*t + 40. Let d(p) = 2*l(p) + 11*v(p). What is the remainder when d(12) is divided by 20?
16
Let x = 8816 + -8225. Calculate the remainder when x is divided by 173.
72
Let d = 1424 + -1348. Suppose g = z - 24 + 3, 2*z + 4*g - 18 = 0. Calculate the remainder when d is divided by z.
8
Suppose 15*c - 13*c - 3*f = 434, 5*f - 746 = -3*c. Let h = 184 - 106. What is the remainder when c is divided by h?
76
What is the remainder when (-1)/3*23632/28*54/(-24) is divided by 19?
6
Let j(r) = r - 10. Let n(h) = 5. Let x(y) = 3*j(y) + 5*n(y). Let p be x(4). What is the remainder when 3 is divided by (-2)/(p/((-42)/4))?
0
Let h = 194 - 191. Suppose -5*s - 4*f = -431, -s + 3*s = -h*f + 171. Calculate the remainder when s is divided by 50.
37
Suppose 15*b - 2030 = -5*k + 10*b, -k + 388 = -5*b. Let v be 23/5 + (-4)/(-10). Suppose 0 = -v*s + 337 + k. What is the remainder when s is divided by 30?
28
Let b be (-3)/(-2)*48/12. Suppose 3*t = b*t - 15. Let g(d) = -2*d**2 + 26*d + 5. What is the remainder when g(13) is divided by t?
0
Let a(s) = -7*s - 6. Let t(n) = -n**2. Let m be t(2). Calculate the remainder when a(m) is divided by (-3735)/(-332) - ((-3)/15)/(4/15).
10
Let f = 128 - 85. Let q(n) = 3 - 2 - f*n + 45*n. What is the remainder when 19 is divided by q(2)?
4
Calculate the remainder when ((-4160090)/(-176))/59 - 3/(-8) is divided by 41.
32
Let b(j) = 10*j - 145. Let k(x) = x**3 + 31*x**2 + 28*x - 41. Let l be k(-30). Calculate the remainder when b(l) is divided by 2.
1
Calculate the remainder when ((-9)/126 - 654/252)*-354 is divided by 27.
26
Suppose 5*m = -9*m + 154. Let z = 12 + m. What is the remainder when z is divided by 9 + (5 + -2)*-1?
5
Let j(p) = p**2 - 2*p - 34. Let u(y) = -y**2 - 18*y - 16. Calculate the remainder when u(-15) is divided by j(9).
0
Let g(f) = 41*f + 278. Calculate the remainder when g(5) is divided by 238.
7
Let h = -32971 + 33015. What is the remainder when 23581 is divided by h?
41
Let r(g) = g**2 + 4*g + 4. Let w be r(-3). Let b be (28/(-12) + w)*-18. Suppose b = 7*q - 3*q. Calculate the remainder when 15 is divided by q.
3
Let u(l) = l**3 - l**2 - 2. Let g be u(3). Let x(m) = 5*m + 24. Let q be x(-2). Suppose -18 = -g*c + q*c. Calculate the remainder when 32 is divided by c.
5
Let d(m) = m**3 + 4*m**2 - 5*m + 4. Let j be d(2). Calculate the remainder when (-1359)/6*(-2 + (-16)/(-12)) is divided by 34 + (-5 - j/(-2)).
37
Suppose -o = 5*y - 466, 0 = 7*y - 9*y - 3*o + 163. What is the remainder when 730 is divided by y?
65
What is the remainder when 308 is divided by ((-448)/(-21) + -2)/((-6)/(-9))?
18
Let o = 5806 + -5282. What is the remainder when o is divided by 22?
18
Let m(f) = -f**3 - 5*f**2 + 8*f - 3. Let b be m(-5). Let u = -53 - b. What is the remainder when 23 is divided by 4/u - (-128)/20?
5
Suppose -2*d = -2*d - 13*d. Suppose d = -3*y - w - 2 + 11, 4*y - 2*w - 22 = 0. Let s = -2 - -4. What is the remainder when y is divided by s?
0
Suppose -5*o - 2*a - 27 = 0, -4*o - 15 = o + 5*a. Let g = -10 + 26. Let j = g + o. What is the remainder when 53 is divided by j?
8
Let k = 99 + -95. Suppose -5*y + 835 = 2*a, -7*y + 2*y - k*a + 845 = 0. Suppose -2*u + y + 177 = 0. Calculate the remainder when u is divided by 43.
42
Let c = 6738 - 3751. Calculate the remainder when c is divided by 36.
35
Suppose 2*y - 33 = 21. Let i be ((-852)/9 + 2)*-3. Suppose -i + 838 = 7*l. Calculate the remainder when l is divided by y.
26
Let w(c) = 11*c**3 - c**2 + 2*c - 7. Let b be w(2). Suppose 2*s + 7 - b = 0. Calculate the remainder when s is divided by 19 - (2 + -3 - 0).
17
Suppose 5*w - 2*k = 7*w - 4, 6 = -3*w - 5*k. What is the remainder when 502 is divided by w?
6
Suppose 2*z + 1886 = 6*u - 4708, 5*z = -15. Calculate the remainder when u is divided by 31.
13
Suppose -a + 2966 = 2*a - 3004. What is the remainder when a is divided by 11?
10
Suppose -9 = -9*m - 11*m + 1911. What is the remainder when m is divided by 88?
8
Suppose -82*i + 123425 + 84463 + 74602 = 0. Calculate the remainder when i is divided by 66.
13
Let v = -511 + 469. Let r be (-6)/15 + 118/(-5). Let a = r - v. What is the remainder when 51 is divided by a?
15
Suppose -6*j + 10*j + i - 298 = 0, 70 = j - 2*i. Suppose 2*c = 3*d + 18, d = 2*c + 3*c - 71. What is the remainder when j is divided by c?
14
Let j(v) be the third derivative of v**5/60 + v**4/2 - 4*v**3/3 - 32*v**2. Let m be j(-9). Let p = -2 - m. Calculate the remainder when 65 is divided by p.
32
Suppose 5*p - 4*b - 217 = 131, 5*b = 3*p - 214. Let s be -46 + 11/(0 - 1). Let t = p + s. What is the remainder when 96 is divided by t?
8
Let n(b) = 47*b**2 - 51*b + 99. What is the remainder when 394 is divided by n(2)?
24
Suppose 150*w - 142*w - 1984 = 0. What is the remainder when w is divided by 68?
44
Let m be 8/124 - 3807/(-93). Suppose -27*a = -m*a + 952. What is the remainder when 189 is divided by a?
53
Let p = 16949 - 13671. What is the remainder when p is divided by 20?
18
Let x(q) = -3*q**2 - 28*q + 1. Let d(v) = -v**2 - 14*v - 33. Let r be d(-12). Let z be x(r). What is the remainder when (8/z)/((-4)/(-820)) is divided by 33?
32
Suppose 0 = x + l - 11, 0 = x - 4*x + l + 49. Let t = 223 - 220. Suppose 0 = -4*d + b + 82, -3*d + 1 = t*b - 68. Calculate the remainder when d is divided by x.
6
Let i = -241 + 351. Calculate the remainder when i is divided by 0/1 - (-27 - 4).
17
Calculate the remainder when ((-1)/(6/940))/(16/(-24) + 0) is divided by 78.
1
Let k(b) = 12*b**2 + 214*b + 196. Let t = -41 + 129. Calculate the remainder when t is divided by k(-17).
10
Let i = 502 - 500. Let n = 9 + 0. What is the remainder when ((i - 2) + -12)*13/(-2) is divided by n?
6
Let m(q) = 3*q**3 + 2*q - 1. Let z be m(1). Suppose 2*i + 4*p - 7*p - 29 = 0, z*i + 5*p = 25. What is the remainder when 29 is divided by i?
9
Let r(u) = -39*u + 6041. Calculate the remainder when r(-8) is divided by 265.
258
Suppose w = -7*w + 40. Suppose 0 = 3*h - 12, -441 = -5*r + 6*h - w*h. Let x = -60 + 90. What is the remainder when r is divided by x?
29
Let w(h) = 42*h**3 - 3*h**2 + 3*h - 1. Let j be w(1). Suppose 0 = -3*q - j - 97. Let u = q - -61. Calculate the remainder when 73 is divided by u.
13
Suppose 0*p - 14*p + 1736 = 0. Suppose 0 = 100*o - 103*o + 78. Calculate the remainder when p is divided by o.
20
Let d be -4*(-1)/(-2)*2. Let r(b) = 154*b + 2792. What is the remainder when r(-18) is divided by (12/(-10))/(d/20)?
2
Suppose 352*q - 71684 = 212732. What is the remainder when q is divided by 53?
13
Let u be (-8 - -9)*(0 + 11). Suppose -5*b + 8 + 117 = 0. Suppose -4*y + b = -u. Calculate the remainder when y is divided by 6.
3
Suppose -470*t + 403812 = -434*t. What is the remainder when t is divided by 85?
82
Let v be (-2)/((-7)/126*1). Let h(m) = 21*m + 15. Let s be h(7). Suppose 0 = i + v - s. Calculate the remainder when i is divided by 16.
14
Let j(q) = 6*q - 43. Suppose -4*g + 10 - 34 = -5*d, 3*d + g - 28 = 0. What is the remainder when 21 is divided by j(d)?
1
Suppose 10 = 5*a - 7*x + 2*x, -2*x + 32 = 4*a. Let y(v) = -4*v + 33. Let r be y(a). Suppose 0*j - r = -j. What is the remainder when j is divided by 6?
3
Let h(d) be the first derivative of d**2/2 + 21*d - 79. What is the remainder when 83 is divided by h(0)?
20
Let j = -4079 - -4207. Let c = 22 - -4. What is the remainder when j is divided by c?
24
Let x be 22/3*9/6. Let g(i) = -4 + x + 4 + 0 - 2*i. What is the remainder when 62 is divided by g(2)?
6
Let y(p) = 3*p**2 - 5*p + 9. Suppose -5*u = 5*c - 820, -3*u = 4*c - 280 - 209. Calculate the remainder when u is divided by y(5).
49
Let f = 14825 + -14815. Calculate the remainder when 48 is divided by f.
8
Let n = 52500 + -52489. Let k be 2 + (-2 - -2)/3. Suppose k*o + 14 - 46 = -5*a, 2*o + 32 = 3*a. What is the remainder when n is divided by a?
3
Suppose 39*b - 124 = 37*b - 4*t, 2*t = 2*b - 82. Suppose 4 - 14 = -d. Calculate the remainder when b is divided by d.
8
Suppose 5*b - 420 = 2*l, -17*b - 71 = -18*b + 3*l. Calculate the remainder when b is divided by 23.
17
Let a(u) = 5*u + 58. Let x = 117 - 111. Calculate the remainder when a(x) is divided by 32.
24
What is the remainder when 1591 is divided by 123/2 - 1899/(-422)?
7
Calculate the remainder when 1686 is divided by 